07 is divided by w.
7
Let w(f) = -f. Suppose 82*b = 93*b - 1199. Calculate the remainder when b is divided by w(-10).
9
Let l(j) = 3*j**2 - 1 + 174*j - 164*j + 6. What is the remainder when 19 is divided by l(-4)?
6
Suppose 42*t - 9849 = 21*t. What is the remainder when t is divided by 4?
1
Suppose 3*x - 5 - 16 = -2*b, -10 = -b - 2*x. Let t(w) = w**2 - 6*w - 27. Calculate the remainder when 89 is divided by t(b).
44
Let t(n) = 3*n - 13. Let o be t(9). Let g(s) = -s**2 + 13*s + 18. What is the remainder when 22 is divided by g(o)?
2
Suppose 0 = 58*v - 60*v + 752. What is the remainder when v is divided by 24?
16
Let m be (-15 + 0)*(-1386)/55. Suppose -m = -0*a - 9*a. What is the remainder when a is divided by 11?
9
Suppose 22*n = 20*n + 8. Suppose n = -y + 23. Calculate the remainder when (-417)/(-12) - 9/12 is divided by y.
15
Suppose 0 = 3*y - 47*v + 45*v - 485, 3*v = -4*y + 624. Calculate the remainder when y is divided by 83.
76
Suppose 0 = -d + 24 - 17. Let f(n) = -n**3 + 7*n**2 + 2*n. What is the remainder when f(d) is divided by 7?
0
Suppose 0*a + 2*a - 56 = 0. Let i = 32 - 20. Let z(w) = w**3 - 13*w**2 + 12*w + 15. What is the remainder when a is divided by z(i)?
13
Let s be 2544/32 + (-2)/(-4). Let p = -63 + s. What is the remainder when 45 is divided by p?
11
Suppose -6*m = 3*k - 150, 5*m = 25*k - 21*k + 86. Calculate the remainder when ((1 - 0)*-37)/(-1) is divided by m.
15
Let n = -111 - -67. What is the remainder when 0 + (-1504)/n + (-6)/33 is divided by 7?
6
Let k(r) = r + 20. Let g be k(-10). Let p(o) = -o**3 + 11*o**2 - 7*o - 5. What is the remainder when p(g) is divided by 13?
12
Let p = -1471 + 1508. Let h = -287 - -507. Calculate the remainder when h is divided by p.
35
Let h be (129 + -9)*(-4)/(-6). What is the remainder when ((-8)/(-20))/(4/h) is divided by 7?
1
Suppose -2*g + 20 = 4*y - 2, 4*g - 11 = 3*y. Suppose 0*o - o + 30 = -5*u, 2*o = -2*u + 12. Calculate the remainder when o is divided by y - (-2 + -1 + 3).
1
Let k = 96 + -43. Let g be 1/(((-8)/(-2))/12). Suppose 2*d = s + 2*s - 46, -44 = -g*s + d. Calculate the remainder when k is divided by s.
11
Suppose 19 - 94 = -3*b. Suppose -2*t - 16 = -6*t. What is the remainder when b is divided by t?
1
Let s = -17 + 24. Let g = s - 5. Suppose -2*c = -6, h - g*c = -0*h + 13. Calculate the remainder when 73 is divided by h.
16
Let b(t) = 15*t - 35. Calculate the remainder when b(6) is divided by 29.
26
Suppose 0 = s - 4 - 10. Calculate the remainder when 68 is divided by 4/s - 992/(-56).
14
Suppose 2*l + 0*l = 3*k - 655, -k - 4*l = -209. Calculate the remainder when k is divided by 61.
34
What is the remainder when (3/(-1))/(33/(-385)) is divided by 12?
11
Let o be -1*(2 - (-3 - -2)). Let p be ((-39)/(o/1))/(-1). Let h = p + 18. What is the remainder when 8 is divided by h?
3
Suppose p + 12 = 32. Suppose -96 = -7*z - 19. What is the remainder when p is divided by z?
9
Let n(o) = -o + 3. Let p be n(3). Let a be (1 - 1)/(1 - p). Suppose 3*y + 0*i = -3*i + 123, a = -5*i - 10. What is the remainder when y is divided by 11?
10
Suppose 40*p - 48*p + 280 = 0. Calculate the remainder when 133 is divided by p.
28
Suppose 5*q - 472 = -3*z, -q + 4*z - 2 + 101 = 0. Calculate the remainder when q is divided by 25.
20
Let u be 6/4*(11 + -9). Suppose 4*t - 2*t - 27 = u*b, 0 = 2*t + 2*b - 2. Calculate the remainder when t is divided by 3.
0
Let m(u) = u**3 - 12*u**2 - 11*u - 18. Let k be m(13). Suppose 4*b - k = 5*b. Let v = b - -15. Calculate the remainder when 18 is divided by v.
4
Let g(d) = 2*d - 5. Let a be g(4). Suppose -99 = -4*q - a*m, -q - 2 + 32 = -m. Calculate the remainder when 71 is divided by (1 - 4)*(-333)/q.
34
Let h(y) = -y**3 + 9*y**2 - 9*y - 24. Calculate the remainder when 636 is divided by h(7).
9
Let r(j) = 23*j - 412. What is the remainder when 565 is divided by r(21)?
68
Suppose 4*f = 4*i - 24, -4 = f - 2. Let b = -1 + i. Calculate the remainder when 45 - (-3 + -2 + b) is divided by 12.
11
Suppose 3*u = -19*u + 5632. Calculate the remainder when u is divided by 37.
34
Let v(j) = -2*j - 6. Let k be v(-4). Let f be 0/k*(-7)/(-28). Suppose -n + 2 = 1, -m - n + 29 = f. What is the remainder when m is divided by 10?
8
Let p be 4/(-10) - (-24)/10. Let l be (-1 + 7/9)*(37 + -55). Suppose 14 + p = l*x. What is the remainder when x is divided by 1?
0
Suppose 67*s - 96 + 9 = 248. Suppose 4*w - 5*c = -71 + 178, -4*w - 2*c = -114. What is the remainder when w is divided by s?
3
Suppose 5*v = 10*v - 450. Calculate the remainder when v is divided by 12.
6
Let w be 279/(-5) + 0 + 32/(-160). Let d = 83 + w. What is the remainder when d is divided by 7?
6
Suppose 101*t + 32 = 105*t. Suppose -t*d + 103 = -1. What is the remainder when 90 is divided by d?
12
Let u(o) = o**3 - 17*o**2 + 25*o + 21. Let h be u(16). Suppose h = 8*q - 5*q. Calculate the remainder when q is divided by 30.
25
Suppose -x + 299 = 3*o, 0*x + 3*x + 403 = 4*o. Suppose -q = -3*k + q + o, -3*k + 4*q + 110 = 0. Calculate the remainder when 58 is divided by k.
28
Let t = 1511 + -1506. Suppose -3*l = p + 2*p - 24, -2*p = -5*l + 12. What is the remainder when t is divided by p?
1
Let a(f) = f**2 - 5*f + 7. Let i be a(5). Suppose 0 = 3*c - i*c + 32. Suppose -4*l + 64 = c. Calculate the remainder when l is divided by 3.
2
Let b be 4 + 58/(-1 + 0). Calculate the remainder when 26 is divided by (3/2*3)/((-27)/b).
8
Let y be (2/(-4))/(3/(-6)). Suppose 0 = -5*u - 20 - 0, 3*u + 2 = -w. What is the remainder when w is divided by (1 + y + -6)/(-1)?
2
Let s = 199 - 85. Calculate the remainder when s is divided by 34.
12
Suppose -5*c = -3*c - 46. Let a be ((-49)/(-49))/(512/(-510) + 1). Let x = -164 - a. What is the remainder when x is divided by c?
22
Suppose 2*i - 49 = 5*g, -5*i + 5*g + 160 = -0*i. Let x = i - 22. What is the remainder when 37 is divided by x?
7
Suppose 0 = -14*i + 24 + 970. Calculate the remainder when i is divided by 25.
21
Suppose 4*b - 98 = -b + 3*y, 5*b - 114 = -y. Suppose 2*m - 31 = 5*j, 0 = -3*m - j + 16 + b. Let z = -12 - -45. What is the remainder when z is divided by m?
7
Let d(n) = -58*n + 67. Calculate the remainder when d(-10) is divided by 12.
11
Let k(b) = b + 6. Calculate the remainder when k(9) is divided by 3 - (-9)/(-27)*-15.
7
Suppose -2*l + 3*u + 181 = 0, 2 = 2*u + 4. Suppose l = 4*y - 19. What is the remainder when y is divided by (-411)/(-27) + (-4)/18?
12
Suppose 0 = 2*o - 6*o + 56. Suppose -k - 8 + 40 = 0. Suppose 10*t = 6*t + k. What is the remainder when o is divided by t?
6
Suppose -3*o = -3*k + 27, 1 = 2*o - 5. Let j(p) = p**3 - 11*p**2 - 12*p + 29. What is the remainder when 114 is divided by j(k)?
27
Let z be (1 + 4 + 0)/1. Suppose -4*b = 3*u - 20, -2*u + 25 = z*b - u. Calculate the remainder when b/20 + 110/8 is divided by 8.
6
Let q = -77 + 167. Let g = -63 - -105. What is the remainder when g is divided by 4/6*q/4?
12
Suppose -39*t + 143 = -28*t. Calculate the remainder when 389 is divided by t.
12
Suppose -31*w - 7*w = -4408. What is the remainder when w is divided by 41?
34
Suppose 0 = -10*u - 6*u + 2192. Calculate the remainder when u is divided by 46.
45
Let n = -4 - -16. Suppose 0 = 3*t - n - 3. What is the remainder when (-14)/98 - (-57)/7 is divided by t?
3
Let a = 5 + -1. Suppose -39 = -a*n - 11. Let m(j) = -6*j**3 + 33*j**2 - 12*j + 12. Calculate the remainder when m(5) is divided by n.
6
Let t = -15 - -40. Suppose -12*r + 43 + 545 = 0. What is the remainder when r is divided by t?
24
Let g(u) = u**3 + 4*u**2 - 4*u - 4. Calculate the remainder when 58 is divided by g(2).
10
Suppose -91 = 4*p + 5*n, 0 = -5*p + p + 2*n - 70. Let l = p - -28. Calculate the remainder when (-1110)/(-42) - 3/7 is divided by l.
8
Let p(c) = -c**3 - 16*c**2 + 24*c + 156. Suppose -26 - 340 = -2*d. What is the remainder when d is divided by p(-17)?
35
Let w(x) = 2*x + 30. Let q be w(-18). Let b(v) = v + 9. Calculate the remainder when q/(((-20)/15)/4) is divided by b(-4).
3
Suppose -4*h + g + 20 + 76 = 0, 0 = 5*h + 3*g - 137. What is the remainder when h is divided by 2?
1
Suppose 4*o = -5*l + 48, -10 = -4*l + 5*o + 53. Let s = 158 - 113. What is the remainder when s is divided by l?
9
Suppose -163 - 13 = -11*m. Calculate the remainder when -1 + 3 + -1 - -74 is divided by m.
11
Let x = -50 - 